= 4*m. Let o(g) = -g**2 - 11*g + 12. List the prime factors of o(m).
2, 3
Let u(h) = -h**3 + 2*h**2 + 4*h - 3. Let o be u(3). Let p = o - 0. Let y = p - -24. What are the prime factors of y?
2, 3
Suppose -133*j = -135*j + 1768. List the prime factors of j.
2, 13, 17
Let b(o) = -2*o**3 - 15*o**2 - 6*o + 5. What are the prime factors of b(-9)?
2, 151
Suppose 5672 = 2*i + 3*t, -1209 = -4*i + 3*t + 10117. List the prime factors of i.
2833
Let t = -36 - -40. Suppose v - 3*z = 77, -244 = -v - 2*v - t*z. What are the prime factors of v?
2, 5
Let q(t) = 50*t + 50. What are the prime factors of q(5)?
2, 3, 5
Suppose 0 = 2*j - 276 + 84. Let v = -64 + 80. Suppose 3*x - j = -3*w, 2*w = 5*x + 52 - v. What are the prime factors of w?
2, 7
Suppose 0*g = -2*g + 20. What are the prime factors of (g - -1)/1 + 1?
2, 3
Let k(c) = -c + 6. Let x be k(3). Suppose 3*m = -5*f + 2 - 4, -14 = -x*f + 2*m. Suppose f*p = p + 16. List the prime factors of p.
2
Let j(k) = -5*k**2 - 17*k - 16. Let l(c) = -11*c**2 - 34*c - 32. Let o(q) = -13*j(q) + 6*l(q). List the prime factors of o(13).
2, 17
Let w be (-1)/5 + 595/(-25). Let h = w - -60. Let x = h - -17. What are the prime factors of x?
53
Let f = -35 - -37. Suppose f*v = 20 + 74. What are the prime factors of v?
47
Let y(q) = 4*q - 1. Let a be y(1). Suppose h - a*h = -12. What are the prime factors of h + -3 + 19/1?
2, 11
Let m = -27 + 27. Suppose m = 5*t - 3*t - 140. List the prime factors of t.
2, 5, 7
Let s(i) be the third derivative of 2*i**5/15 + i**4/12 + i**3/3 - 3*i**2. Let d be 3/2 + (-7)/2. List the prime factors of s(d).
2, 3, 5
Let a = 30 + -51. Let h be ((-7)/a)/((-1)/(-6)). Suppose -h*n = -k + 26, 117 = 5*k - n - 13. What are the prime factors of k?
2, 13
Let f(a) = -9*a - 4. Suppose 3*b - 15 = 0, 0*y - b = -2*y - 11. List the prime factors of f(y).
23
Let y = -6 + 9. List the prime factors of (2/(-5))/(y/(-375)).
2, 5
Suppose -3*z + 19 = -2*q - 4, -20 = -3*z - q. Suppose -410 = -z*k + 276. What are the prime factors of k?
2, 7
Let o(p) = p**3 - p**2 - p + 224. Let d be o(0). Suppose 0 = r + 3*i + 72, r = -2*r - i - d. Let a = r - -115. What are the prime factors of a?
2, 5
Let x(w) = -w**3 + 6*w**2 - 3*w. Let g be x(5). Let a = 127 - g. What are the prime factors of a?
3, 13
Let c(u) be the third derivative of u**4/4 + u**3/3 + 2*u**2. List the prime factors of c(1).
2
Suppose 29*r + 4 = 33*r. What are the prime factors of 0 + r*114 + 36/12?
3, 13
Suppose m + 4*m = -25. Let t(v) = -v - 1. Let l be t(m). Suppose -l = -2*k - 0. What are the prime factors of k?
2
Let r = -5 - -18. Let k(p) = -p + 32. List the prime factors of k(r).
19
Let d(l) = 1314*l + 13. List the prime factors of d(1).
1327
List the prime factors of (-2)/(-15) + -6 + (-26094)/(-45).
2, 7, 41
Let m(d) be the first derivative of -111*d**2/2 + 11*d + 19. What are the prime factors of m(-2)?
233
List the prime factors of (2/(-6))/((-41)/20541).
167
Suppose u - 6 = 12. Let i = 18 - u. Suppose -5*k = 3*h - 16 - 13, -5*k + h + 37 = i. List the prime factors of k.
7
What are the prime factors of (-1980 + 74)*1/(-2)?
953
Suppose 102*l = -387925 + 953209. List the prime factors of l.
2, 17, 163
Let j be 12*11/(-6)*3. Let v = j + 181. List the prime factors of v.
5, 23
Suppose 5*d - 83 = -4*t, 5*d = -0*t + 2*t - 79. Let h = -23 + t. Suppose -i = h*x - 44, -x - 43 = -3*i + 63. What are the prime factors of i?
2, 3
Suppose 11*v = -131 + 1418. What are the prime factors of (v/(-2) + 4)/((-3)/6)?
109
List the prime factors of 4 - 3/(-2)*(1411 + 9).
2, 11, 97
Suppose 3*k + 29 = 5*w, 3*w - w - 11 = k. Let t(q) = -2*q**3 + 2*q**2 + 2. List the prime factors of t(k).
2, 37
Let v(k) = -k + 7. Let r be v(2). Suppose 5*m - 2*m = 2*t + 103, -r*m + 155 = 5*t. List the prime factors of m.
3, 11
Let k be 4 + 0 + (-4)/(-1). Let o(n) = n**2 - 11*n + 27. What are the prime factors of o(k)?
3
Let v = -41 - -28. Let a = v - -67. List the prime factors of a.
2, 3
Let j = 47 - 36. Suppose 10*a + 125 = j*a. List the prime factors of a.
5
What are the prime factors of 5 + 8/((-56)/(-1911))?
2, 139
Let z(m) = -6*m**3 + m**2 - 1. Suppose -2 + 6 = -4*n. Let o be z(n). What are the prime factors of ((-8)/o)/((-8)/60)?
2, 5
Let o(h) = h**3 + 8*h**2 - 10*h - 8. Let p be o(-9). Let l be (-895)/(-25) + p/5. Let a = l - 21. What are the prime factors of a?
3, 5
Let q(f) = 2*f**2 - 2*f + 9. Let g = -23 - -25. What are the prime factors of q(g)?
13
Suppose 3*f - f - 41 = 3*s, 4*s - 3*f = -54. Let v = s + 17. Suppose 4*m + 32 = v*z + 3*z, -4*m = 3*z. List the prime factors of z.
2
Suppose 0 = 4*v + v + 365. Let i = v + 223. List the prime factors of i.
2, 3, 5
Let p be 2/(0 + (0 - -1)). Suppose -5*a - 150 = -3*x, -9*a = -5*x - 6*a + 234. List the prime factors of 189/x + p/(-10).
2
Suppose -k - 309 = 3*r - 8*r, 2*k = -3*r + 175. List the prime factors of r.
61
Let i(k) = -k**3 + 13*k**2 - 12*k + 12. Let m be i(12). Let c be (15/(-6))/(-5)*m. Suppose -109 = -2*n - a - c, 5*a - 158 = -3*n. List the prime factors of n.
3, 17
Let i(s) = 4*s**3 - 2*s**2 + 3*s - 4. Let k be (-54)/(-21) - 9/(-21). What are the prime factors of i(k)?
5, 19
Let a(t) = 5*t**2 + t - 2. Let d be a(1). Let j be d*9/(-24)*-2. Suppose 3*v - 2*y - 12 = 28, 0 = 4*v + j*y - 59. List the prime factors of v.
2, 7
Let v = 16 - 8. Let g = v - -8. Suppose -5*d + 41 = x - 4, 4*d - g = 0. What are the prime factors of x?
5
Let a = 17 - 9. List the prime factors of (-2)/a - (-2050)/40.
3, 17
Let x = 31 - 31. Suppose x*q = -4*q - 20, -5*q - 42 = -l. What are the prime factors of l?
17
Let n(w) = -4*w + 1. Suppose -4*v = -0*v + 8. Let o be n(v). Let u = 25 - o. List the prime factors of u.
2
Suppose 6*x - 9*x + 4*u = -4, -2*x - u = -10. Let b = 3 + -1. Suppose b*y + d - 135 = 0, -y + x*d + 318 = 4*y. What are the prime factors of y?
2, 3, 11
Suppose 2*v - 11 = -g, 25*v - 22*v + 2*g - 19 = 0. Let r(t) = -t + 1. Let l be r(0). Suppose 0 = v*o - 26 - l. List the prime factors of o.
3
Let j be 1/(-10)*-5*4. Suppose h = -0*h - 5*f + 31, -4*f = -3*h - j. Suppose 2*w + 4*o + 6 = 0, -3*w = -o - h - 13. List the prime factors of w.
5
Let w(v) = v**3 + v**2 + v - 2. Let y be w(0). Let x be (-123)/(2/((-6)/(-3))). What are the prime factors of y/(2 - (-252)/x)?
41
Suppose 5*n - 36 - 4 = 0. Let c(y) = y**2 - 6*y - 5. Let j be c(n). Suppose 2*s - 105 = -5*k, -4*s + j = -5*k + 116. What are the prime factors of k?
3, 7
Let n(f) be the second derivative of -4*f**3/3 + 2*f**2 + 14*f. What are the prime factors of n(-3)?
2, 7
Let u = -659 + 935. Suppose -5*r + u = -104. What are the prime factors of r?
2, 19
List the prime factors of (2/((-4)/2846))/(42/(-42)).
1423
Suppose -5*f - 3*v + 18523 = 0, 4*f + 2*v - 3706 = 3*f. What are the prime factors of f?
2, 463
Let d = -2859 - -4575. List the prime factors of d.
2, 3, 11, 13
Suppose 1561 = 4*g + a, -5*g + 0*a + 1947 = -3*a. Suppose -390 = -2*t - 5*v, 5*t - 7*t + v = -g. What are the prime factors of t?
3, 5, 13
Suppose 2*z - z = 3, 5*h = 2*z + 4699. Suppose 6*d + 149 = h. What are the prime factors of d?
2, 3, 11
Let j be 1*(11 + -1 + -2). Suppose 4*r + j + 4 = 0, -2*w - 4*r - 6 = 0. Suppose b - 8 = 5*l, -w = -3*l - 0. What are the prime factors of b?
13
Let i(u) = -u**2 - 10*u + 14. Let j = -20 + 39. Let v = j - 29. What are the prime factors of i(v)?
2, 7
Let k(d) = d**3 - 13*d**2 + 12*d - 11. Let n be k(12). Let q = 9 + n. Let r(f) = -13*f - 6. List the prime factors of r(q).
2, 5
Suppose 0 = j - 0*j - 4. Let a be j - (-3 - -4)*-2. List the prime factors of 66/9 - 2/a.
7
Let r(j) = -j**3 - 62*j**2 - 29*j + 286. What are the prime factors of r(-62)?
2, 521
Let z be -5*((-544)/520 + 4/(-26)). What are the prime factors of -2*(-3 - z)*(-17)/(-3)?
2, 3, 17
What are the prime factors of 107242/36 - (-109)/1962?
3, 331
Let m(d) = d**2 - 31*d + 6. Let n be m(-6). Let k = n + -135. What are the prime factors of k?
3, 31
Let p = 6434 + -2046. List the prime factors of p.
2, 1097
Let k = 45 + -42. Suppose -k*c = 2*c - 145. List the prime factors of c.
29
Let w(d) = 2*d**3 - 4*d**2 - 2*d + 5. Suppose -2*h = -v - 0*v, 5*h = -4*v + 26. List the prime factors of w(v).
61
Suppose 2*g - 2*u + 362 = 0, 0 = -5*g + 9*g + u + 704. Let v = g + 261. What are the prime factors of v?
2, 3, 7
Let r(d) be the third d